 -778. Calculate the remainder when z is divided by p.
3
Calculate the remainder when -8 - (2 - 7) - -135 is divided by 43.
3
Suppose 48*b - 45*b - 123 = 0. What is the remainder when b is divided by 11?
8
Let d = -4853 + 4960. What is the remainder when d is divided by ((-16)/(-3))/(4/42)?
51
Suppose j - 113 = 268. Let c be j/15 + (-6)/15. Suppose 3*l - 3*b = 54, -5*b - c - 33 = -3*l. Calculate the remainder when l is divided by 6.
4
Suppose -2*b + 0*b = 5*p - 81, -2*p + b = -27. What is the remainder when (-64)/(-3) + (-20)/p is divided by 6?
2
Suppose -5*d = k - 51, -3*d + 5*k + 14 = -11. Calculate the remainder when d is divided by 8.
2
Let b(q) = q**2 - q + 6. Let v be b(-3). Let o = 32 - v. What is the remainder when 68 is divided by o?
12
Suppose -3*a = -w + 11, 2*a + 4*w - 3 = 13. Let t be -3*2/(a/3). Calculate the remainder when 40 is divided by (-4)/6 + 132/t.
12
Let j = -399 + 432. What is the remainder when 197 is divided by j?
32
Suppose 4*z = i + 266, 3*z = -i + 4*i + 195. Let r(x) = -13*x - 6. Let u be r(6). What is the remainder when z is divided by 5/(-2)*u/15?
11
Suppose 325 = -3*l + 2227. Suppose 0 = -0*j - 2*j + 2*p + l, j + 4*p = 332. Suppose -13*i + j = -8*i. Calculate the remainder when i is divided by 22.
20
What is the remainder when 31 is divided by 1470/120 + (-2)/8?
7
Suppose -11*u + 4*u = 126. What is the remainder when -183*3/u*2 is divided by 16?
13
Let p be (10/(-30))/((-1)/(-12)). Calculate the remainder when (0 + 17)*-3*(p + 3) is divided by ((-2)/2)/((-2)/54).
24
Let d(j) = -j**2 - 2*j - 23. Let k(s) = -2*s**2 - 3*s - 45. Let x(m) = 7*d(m) - 4*k(m). What is the remainder when 106 is divided by x(4)?
25
Suppose -3*z = 4*s - 229, 18*s + 41 = 19*s + 4*z. Suppose 0*q + 85 = 5*q. What is the remainder when s is divided by q?
10
Let x be (-420)/(-110) - 2/(-11). What is the remainder when (-380)/x*(-4)/10 is divided by 14?
10
Let u = 341 + -307. What is the remainder when 405 is divided by u?
31
Let b = 2080 + -2077. What is the remainder when 290 is divided by b?
2
Let j(l) be the third derivative of l**5/30 + l**4/8 - l**3 + 9*l**2. Suppose -3*v - 120 = -5*v. What is the remainder when v is divided by j(3)?
18
Let b(l) = l**2 + 3*l. Let y be b(-3). Suppose 5*p + 4*z + 46 = 0, y*z = 4*z + 16. Let m = p - -11. Calculate the remainder when 14 is divided by m.
4
Let w(y) = y**3 - 2*y**2 + 1. Let q be w(1). Suppose -2*n + x + 114 = q, -4*n - 3*x + 70 = -168. What is the remainder when n/10 - 8/(-40) is divided by 5?
1
Let y = 486 - 456. Calculate the remainder when y is divided by 11.
8
Suppose -222 - 1013 = -19*d. What is the remainder when 251 is divided by d?
56
Let i(h) = -24*h**2 - 8*h - 2. Let w be i(-3). Let b = w + 382. What is the remainder when b is divided by 64?
60
Suppose 5*u - 2790 = -4*u. Suppose -u = -4*z + 182. What is the remainder when z is divided by 9?
6
Suppose -22*u = -2*q - 21*u + 641, 0 = -u - 1. Calculate the remainder when q is divided by 23.
21
Suppose -2*t + 5*m + 59 = 0, -t = t + 4*m - 50. Calculate the remainder when t is divided by 10.
7
Let c(n) = 11*n - 11. Let x be c(3). Suppose 21*w = x*w - 14. What is the remainder when (-482)/(-18) - (-4)/18 is divided by w?
13
Suppose 3*d + 42 = -5*m - 7, -17 = -d + 5*m. Suppose -2*r - 34 = -p + 2*r, 3*r = -5*p + 124. Calculate the remainder when p is divided by -1*(d + 1)*1.
5
Suppose 0 = -h + 2, 4*f + h = 7 + 131. What is the remainder when 43 is divided by f?
9
Let j = 762 - 413. Calculate the remainder when j is divided by 70.
69
Suppose 410 = 9*h + 122. What is the remainder when h is divided by 7?
4
Let u = -13 + 15. Suppose -34 = -3*k + u*k. Calculate the remainder when k is divided by 6.
4
Let x(u) = u**2 - 8*u + 20. Let t be x(4). Suppose t*d + 64 = 3*h, -8*h + 7*h = 5*d - 15. What is the remainder when 36 is divided by h?
16
Let b(r) = 19*r - 5 - 2*r - 9*r - r. What is the remainder when b(5) is divided by 7?
2
Suppose i - 1320 = 4*m, -2*i + 3*m = -985 - 1660. What is the remainder when i is divided by 13?
11
Let h = 945 - 924. Calculate the remainder when h is divided by 5.
1
Let b(d) = 31*d**3 + 3*d - 2. Calculate the remainder when b(1) is divided by 18.
14
Let v = 518 - 142. Suppose 0 = 4*y - 4*j + v, 2*y - 4*j + 183 = -13. Let c = y + 154. What is the remainder when c is divided by 13?
12
Suppose 24 = 82275*i - 82271*i. What is the remainder when 12/(-4 - -2)*-2 is divided by i?
0
Suppose -6*g - 28 = -7*g - z, g + 3*z = 18. What is the remainder when 80 is divided by g?
14
Let h be (-8)/(-3)*18/(-48)*-2. What is the remainder when 1 + 2 - (-11*h)/1 is divided by 7?
4
Let j(s) = -340*s + 19. Calculate the remainder when j(-1) is divided by 45.
44
Suppose 0 = -2*k - 5*o + 64, -2*k + 24 = 3*o - 32. Calculate the remainder when k is divided by 12.
10
Let h(r) = r**2 + 2*r + 2. Let z be 1 - 12 - 4 - -1. Let m = 17 + z. Calculate the remainder when h(-3) is divided by m.
2
Let d be (-14)/(-6) + -3 + (-85)/(-15). Suppose 2*s + 129 = d*s. Calculate the remainder when s is divided by 10.
3
Let f(a) = a**3 + 13*a**2 + 7*a - 22. What is the remainder when f(-11) is divided by 12?
11
Suppose 10 = -4*d - 5*x + 53, 11 = 2*d - x. Suppose d*g = 162 + 48. Calculate the remainder when 119 is divided by g.
29
Suppose -2*m = r - 24, -147 = -5*r + 7*m - 8*m. Suppose -6*y = -y - r. Calculate the remainder when 46 is divided by y.
4
Let q be (1/(-2))/(1/(-14)) + -3. Let f(d) = d**3 - d**2 - d + 7. What is the remainder when f(q) is divided by 9?
6
Suppose 3*x - n - 15 = 201, n = x - 70. What is the remainder when x is divided by 39?
34
Let w be (-4)/(-16) - (-15)/4. Suppose o - w*o = -93. What is the remainder when 153 is divided by o?
29
Let y(i) be the second derivative of i**5/20 + 4*i**4/3 + i**3/6 + 11*i**2 - 48*i. What is the remainder when 39 is divided by y(-16)?
3
Suppose -3*y = -3*r + 48, -9*r + 13*r - 69 = 5*y. What is the remainder when 39 is divided by r?
6
Suppose 55 = 5*w - 30. Let l = 1045 + -985. What is the remainder when l is divided by w?
9
Let q(f) = f**2 - 7*f + 2. Let c be q(7). Suppose -r + c*y + 47 = 0, 20 = 3*r + 4*y - 101. Let p = 63 - r. What is the remainder when 57 is divided by p?
17
Let b be 36/((-1)/2 + (-21)/(-18)). Let j = -32 + b. Calculate the remainder when j is divided by 12.
10
Let a(v) = -6*v + 4. Suppose 4*m + 2*c = -18, 0*m - 2*c - 15 = 3*m. Calculate the remainder when a(m) is divided by 12.
10
Suppose p + 4*j - 5 = -0, 0 = 5*p - 3*j + 44. Calculate the remainder when 60 is divided by (p/(-2) - 0)/(2/12).
18
Suppose 33*g - 8*g - 100 = 0. Let f(p) = -9*p + 1. Let t be f(-1). Suppose t = -2*k, 3*m + 2*k = 7*m - 46. What is the remainder when m is divided by g?
1
Let k be 0/(-2 + (-2 - -1)). Suppose k = -4*b + 4 + 36. What is the remainder when b is divided by 3?
1
Let f(y) = -2*y**2 + 16*y + 13. Let b(t) = -t - 1. Let a(m) = 3*b(m) + f(m). Let u = 330 - 323. Calculate the remainder when 4 is divided by a(u).
1
Let n be 120/9*(-36)/16. What is the remainder when 28 is divided by n*(-4 + (-14)/(-4))?
13
Suppose 221 = 31*l - 89. Let x(q) = -q + 5*q + 0 + 10. Calculate the remainder when x(7) is divided by l.
8
Let p(x) = 100*x + 922. What is the remainder when p(-8) is divided by 6?
2
Let r = 447 + -296. Let x = 25 - -13. What is the remainder when r is divided by x?
37
Let y = -413 + 454. Calculate the remainder when 53 is divided by y.
12
Suppose 70 = -36*c + 826. Calculate the remainder when 27 is divided by c.
6
Let t be 55/(-15)*-6*1. Suppose -u = -0*u - t. Suppose u = -0*k + 2*k. Calculate the remainder when 41 is divided by k.
8
Let x be -46 + 0*1/(-3). Let k = x - -58. What is the remainder when 31 is divided by k?
7
Let u(r) be the second derivative of r**3/6 + 6*r**2 + 5*r. Let b be u(-6). Let p(h) = h**2 - 6*h + 6. Calculate the remainder when 16 is divided by p(b).
4
Suppose 4*n - 17*z = -16*z + 134, 0 = -n - 2*z + 29. Calculate the remainder when n is divided by 11.
0
Let f be 10/(-14) + 1 + 96/7. What is the remainder when 26 is divided by (6 - 7) + (f/2 - 1)?
1
Suppose -28 = 3*v - 7*v. Suppose 8*h = 7 + 9. Suppose -5*o + 115 = 5*r, 87 = 5*r + h*o - 4*o. Calculate the remainder when r is divided by v.
5
Let l = 756 - 695. What is the remainder when 181 is divided by l?
59
Let s = -396 - -628. What